{"id":1722,"date":"2024-04-14T04:23:19","date_gmt":"2024-04-14T04:23:19","guid":{"rendered":"https:\/\/politecnicomisiones.edu.ar\/paginainstitucional\/?page_id=1722"},"modified":"2024-04-14T16:51:15","modified_gmt":"2024-04-14T16:51:15","slug":"elementor-1722","status":"publish","type":"page","link":"https:\/\/politecnicomisiones.edu.ar\/paginainstitucional\/elementor-1722\/","title":{"rendered":"Docentes"},"content":{"rendered":"\t\t<div data-elementor-type=\"wp-page\" data-elementor-id=\"1722\" class=\"elementor elementor-1722\">\n\t\t\t\t\t\t<section class=\"elementor-section elementor-top-section elementor-element elementor-element-6e6afee elementor-section-boxed elementor-section-height-default elementor-section-height-default wpr-particle-no wpr-jarallax-no wpr-parallax-no wpr-sticky-section-no\" data-id=\"6e6afee\" data-element_type=\"section\">\n\t\t\t\t\t\t<div class=\"elementor-container elementor-column-gap-default\">\n\t\t\t\t\t<div class=\"elementor-column elementor-col-100 elementor-top-column elementor-element elementor-element-c235507\" data-id=\"c235507\" data-element_type=\"column\">\n\t\t\t<div class=\"elementor-widget-wrap elementor-element-populated\">\n\t\t\t\t\t\t<div class=\"elementor-element elementor-element-552f684 elementor-widget elementor-widget-heading\" data-id=\"552f684\" data-element_type=\"widget\" data-widget_type=\"heading.default\">\n\t\t\t\t<div class=\"elementor-widget-container\">\n\t\t\t\t\t<h2 class=\"elementor-heading-title elementor-size-default\">Convocatoria Docente\n<\/h2>\t\t\t\t<\/div>\n\t\t\t\t<\/div>\n\t\t\t\t<div class=\"elementor-element elementor-element-6967e75 elementor-widget elementor-widget-image\" data-id=\"6967e75\" data-element_type=\"widget\" data-widget_type=\"image.default\">\n\t\t\t\t<div class=\"elementor-widget-container\">\n\t\t\t\t\t\t\t\t\t\t\t\t\t\t\t<img fetchpriority=\"high\" decoding=\"async\" width=\"960\" height=\"502\" src=\"https:\/\/politecnicomisiones.edu.ar\/paginainstitucional\/wp-content\/uploads\/2024\/04\/El-docente-como-lider-1-ENTRADA-1024x535.jpg\" class=\"attachment-large size-large wp-image-1729\" alt=\"\" srcset=\"https:\/\/politecnicomisiones.edu.ar\/paginainstitucional\/wp-content\/uploads\/2024\/04\/El-docente-como-lider-1-ENTRADA-1024x535.jpg 1024w, https:\/\/politecnicomisiones.edu.ar\/paginainstitucional\/wp-content\/uploads\/2024\/04\/El-docente-como-lider-1-ENTRADA-300x157.jpg 300w, https:\/\/politecnicomisiones.edu.ar\/paginainstitucional\/wp-content\/uploads\/2024\/04\/El-docente-como-lider-1-ENTRADA-768x401.jpg 768w, https:\/\/politecnicomisiones.edu.ar\/paginainstitucional\/wp-content\/uploads\/2024\/04\/El-docente-como-lider-1-ENTRADA.jpg 1200w\" sizes=\"(max-width: 960px) 100vw, 960px\" \/>\t\t\t\t\t\t\t\t\t\t\t\t\t\t\t<\/div>\n\t\t\t\t<\/div>\n\t\t\t\t\t<\/div>\n\t\t<\/div>\n\t\t\t\t\t<\/div>\n\t\t<\/section>\n\t\t\t\t<section class=\"elementor-section elementor-top-section elementor-element elementor-element-e5472cd elementor-section-boxed elementor-section-height-default elementor-section-height-default wpr-particle-no wpr-jarallax-no wpr-parallax-no wpr-sticky-section-no\" data-id=\"e5472cd\" data-element_type=\"section\">\n\t\t\t\t\t\t<div class=\"elementor-container elementor-column-gap-default\">\n\t\t\t\t\t<div class=\"elementor-column elementor-col-100 elementor-top-column elementor-element elementor-element-84dff8a\" data-id=\"84dff8a\" data-element_type=\"column\">\n\t\t\t<div class=\"elementor-widget-wrap elementor-element-populated\">\n\t\t\t\t\t\t<div class=\"elementor-element elementor-element-7c38e14 elementor-widget elementor-widget-spacer\" data-id=\"7c38e14\" data-element_type=\"widget\" data-widget_type=\"spacer.default\">\n\t\t\t\t<div class=\"elementor-widget-container\">\n\t\t\t\t\t\t\t<div class=\"elementor-spacer\">\n\t\t\t<div class=\"elementor-spacer-inner\"><\/div>\n\t\t<\/div>\n\t\t\t\t\t\t<\/div>\n\t\t\t\t<\/div>\n\t\t\t\t\t<\/div>\n\t\t<\/div>\n\t\t\t\t\t<\/div>\n\t\t<\/section>\n\t\t\t\t<section class=\"elementor-section elementor-top-section elementor-element elementor-element-8babc7a elementor-section-boxed elementor-section-height-default elementor-section-height-default wpr-particle-no wpr-jarallax-no wpr-parallax-no wpr-sticky-section-no\" data-id=\"8babc7a\" data-element_type=\"section\">\n\t\t\t\t\t\t<div class=\"elementor-container elementor-column-gap-default\">\n\t\t\t\t\t<div class=\"elementor-column elementor-col-100 elementor-top-column elementor-element elementor-element-da6049d\" data-id=\"da6049d\" data-element_type=\"column\">\n\t\t\t<div class=\"elementor-widget-wrap elementor-element-populated\">\n\t\t\t\t\t\t<div class=\"elementor-element elementor-element-1ba6edb elementor-widget elementor-widget-html\" data-id=\"1ba6edb\" data-element_type=\"widget\" data-widget_type=\"html.default\">\n\t\t\t\t<div class=\"elementor-widget-container\">\n\t\t\t\t\t<div class=\"button-container\">\n    <button class=\"button-convocatoria\" id=\"btn2023\">Convocatoria 2023<\/button>\n    <button class=\"button-convocatoria\" id=\"btn2024\">Convocatoria 2024<\/button>\n<\/div>\n<!-- Modal 2023 -->\n<div id=\"myModal2023\" class=\"modal\">\n  <!-- Contenido del modal -->\n  <div class=\"modal-content\">\n    <span class=\"close close2023\">&times;<\/span>\n    <p>La convocatoria 2023 est\u00e1 cerrada<\/p>\n  <\/div>\n<\/div>\n\n<!-- Modal 2024 -->\n<div id=\"myModal2024\" class=\"modal\">\n  <!-- Contenido del modal -->\n  <div class=\"modal-content\">\n    <span class=\"close close2024\">&times;<\/span>\n    <p>La convocatoria 2024 est\u00e1 cerrada<\/p>\n  <\/div>\n<\/div>\n\n<style>\n.page-title{\n    display: none;\n}\n    \/* Estilos del bot\u00f3n *\/\n.button-convocatoria {\n    background-color: red;\n    color: white;\n    border: none;\n    padding: 10px 20px;\n    cursor: pointer;\n    font-size: 16px;\n}\n\n.button-convocatoria:hover {\n    background-color: rgba(196, 0, 0, 1);\n}\n\n\/* Contenedor de botones con flexbox *\/\n.button-container {\n    display: flex;\n    justify-content: space-between;\n    padding: 20px;\n}\n\n\/* Estilos del modal *\/\n.modal {\n    display: none;\n    position: fixed;\n    z-index: 1;\n    left: 0;\n    top: 0;\n    width: 100%;\n    height: 100%;\n    overflow: auto;\n    background-color: rgb(0,0,0);\n    background-color: rgba(0,0,0,0.4);\n}\n\n.modal-content {\n    background-color: rgba(255, 255, 255, 0.9);\n    margin: 15% auto;\n    padding: 20px;\n    border: 1px solid #888;\n    width: 60%;\n}\n\n.close {\n    color: #aaa;\n    float: right;\n    font-size: 28px;\n    font-weight: bold;\n}\n\n.close:hover,\n.close:focus {\n    color: black;\n    text-decoration: none;\n    cursor: pointer;\n}\n\n\/* Media query para pantallas peque\u00f1as *\/\n@media (max-width: 600px) {\n    .button-container {\n        flex-direction: column; \/* Cambia la disposici\u00f3n a vertical *\/\n        align-items: center; \/* Centra los botones horizontalmente *\/\n    }\n\n    .button-convocatoria {\n        margin-bottom: 10px; \/* A\u00f1ade espacio entre los botones *\/\n        width: 80%; \/* Hace que los botones sean m\u00e1s anchos *\/\n    }\n}\n<\/style>\n<script>\n\nvar modal2023 = document.getElementById(\"myModal2023\");\nvar modal2024 = document.getElementById(\"myModal2024\");\n\n\nvar btn2023 = document.getElementById(\"btn2023\");\nvar btn2024 = document.getElementById(\"btn2024\");\n\n\nvar span2023 = document.getElementsByClassName(\"close2023\")[0];\nvar span2024 = document.getElementsByClassName(\"close2024\")[0];\n\n\nbtn2023.onclick = function() {\n    modal2023.style.display = \"block\";\n}\nbtn2024.onclick = function() {\n    modal2024.style.display = \"block\";\n}\n\n\nspan2023.onclick = function() {\n    modal2023.style.display = \"none\";\n}\nspan2024.onclick = function() {\n    modal2024.style.display = \"none\";\n}\n\n\nwindow.onclick = function(event) {\n    if (event.target == modal2023) {\n        modal2023.style.display = \"none\";\n    } else if (event.target == modal2024) {\n        modal2024.style.display = \"none\";\n    }\n}\n<\/script>\t\t\t\t<\/div>\n\t\t\t\t<\/div>\n\t\t\t\t\t<\/div>\n\t\t<\/div>\n\t\t\t\t\t<\/div>\n\t\t<\/section>\n\t\t\t\t<section class=\"elementor-section elementor-top-section elementor-element elementor-element-7ef4347 elementor-section-boxed elementor-section-height-default elementor-section-height-default wpr-particle-no wpr-jarallax-no wpr-parallax-no wpr-sticky-section-no\" data-id=\"7ef4347\" data-element_type=\"section\">\n\t\t\t\t\t\t<div class=\"elementor-container elementor-column-gap-default\">\n\t\t\t\t\t<div class=\"elementor-column elementor-col-100 elementor-top-column elementor-element elementor-element-0bfa1e4\" data-id=\"0bfa1e4\" data-element_type=\"column\">\n\t\t\t<div class=\"elementor-widget-wrap elementor-element-populated\">\n\t\t\t\t\t\t<div class=\"elementor-element elementor-element-9b2741c elementor-widget elementor-widget-spacer\" data-id=\"9b2741c\" data-element_type=\"widget\" data-widget_type=\"spacer.default\">\n\t\t\t\t<div class=\"elementor-widget-container\">\n\t\t\t\t\t\t\t<div class=\"elementor-spacer\">\n\t\t\t<div class=\"elementor-spacer-inner\"><\/div>\n\t\t<\/div>\n\t\t\t\t\t\t<\/div>\n\t\t\t\t<\/div>\n\t\t\t\t<div class=\"elementor-element elementor-element-f34d4d7 elementor-widget elementor-widget-heading\" data-id=\"f34d4d7\" data-element_type=\"widget\" data-widget_type=\"heading.default\">\n\t\t\t\t<div class=\"elementor-widget-container\">\n\t\t\t\t\t<h2 class=\"elementor-heading-title elementor-size-default\">\u00bfTe gustar\u00eda formar parte de nuestro plantel docente?<\/h2>\t\t\t\t<\/div>\n\t\t\t\t<\/div>\n\t\t\t\t<div class=\"elementor-element elementor-element-5774167 elementor-widget elementor-widget-heading\" data-id=\"5774167\" data-element_type=\"widget\" data-widget_type=\"heading.default\">\n\t\t\t\t<div class=\"elementor-widget-container\">\n\t\t\t\t\t<h5 class=\"elementor-heading-title elementor-size-default\">Env\u00edanos tu CV a nuestro correo electr\u00f3nico!!!<br>politecnico.misiones@gmail.com<\/h5>\t\t\t\t<\/div>\n\t\t\t\t<\/div>\n\t\t\t\t<div class=\"elementor-element elementor-element-c614140 elementor-widget elementor-widget-spacer\" data-id=\"c614140\" data-element_type=\"widget\" data-widget_type=\"spacer.default\">\n\t\t\t\t<div class=\"elementor-widget-container\">\n\t\t\t\t\t\t\t<div class=\"elementor-spacer\">\n\t\t\t<div class=\"elementor-spacer-inner\"><\/div>\n\t\t<\/div>\n\t\t\t\t\t\t<\/div>\n\t\t\t\t<\/div>\n\t\t\t\t<div class=\"elementor-element elementor-element-a64cbc3 elementor-widget elementor-widget-spacer\" data-id=\"a64cbc3\" data-element_type=\"widget\" data-widget_type=\"spacer.default\">\n\t\t\t\t<div class=\"elementor-widget-container\">\n\t\t\t\t\t\t\t<div class=\"elementor-spacer\">\n\t\t\t<div class=\"elementor-spacer-inner\"><\/div>\n\t\t<\/div>\n\t\t\t\t\t\t<\/div>\n\t\t\t\t<\/div>\n\t\t\t\t\t<\/div>\n\t\t<\/div>\n\t\t\t\t\t<\/div>\n\t\t<\/section>\n\t\t\t\t<section class=\"elementor-section elementor-top-section elementor-element elementor-element-f1d569f elementor-section-boxed elementor-section-height-default elementor-section-height-default wpr-particle-no wpr-jarallax-no wpr-parallax-no wpr-sticky-section-no\" data-id=\"f1d569f\" data-element_type=\"section\">\n\t\t\t\t\t\t<div class=\"elementor-container elementor-column-gap-default\">\n\t\t\t\t\t<div class=\"elementor-column elementor-col-100 elementor-top-column elementor-element elementor-element-8ec9112\" data-id=\"8ec9112\" data-element_type=\"column\">\n\t\t\t<div class=\"elementor-widget-wrap\">\n\t\t\t\t\t\t\t<\/div>\n\t\t<\/div>\n\t\t\t\t\t<\/div>\n\t\t<\/section>\n\t\t\t\t<\/div>\n\t\t","protected":false},"excerpt":{"rendered":"<p>Convocatoria Docente Convocatoria 2023 Convocatoria 2024 &times; La convocatoria 2023 est\u00e1 cerrada &times; La convocatoria 2024 est\u00e1 cerrada \u00bfTe gustar\u00eda formar parte de nuestro plantel docente? Env\u00edanos tu CV a nuestro correo electr\u00f3nico!!!politecnico.misiones@gmail.com<\/p>\n","protected":false},"author":2,"featured_media":0,"parent":0,"menu_order":0,"comment_status":"closed","ping_status":"closed","template":"","meta":{"om_disable_all_campaigns":false,"footnotes":""},"aioseo_notices":[],"_links":{"self":[{"href":"https:\/\/politecnicomisiones.edu.ar\/paginainstitucional\/wp-json\/wp\/v2\/pages\/1722"}],"collection":[{"href":"https:\/\/politecnicomisiones.edu.ar\/paginainstitucional\/wp-json\/wp\/v2\/pages"}],"about":[{"href":"https:\/\/politecnicomisiones.edu.ar\/paginainstitucional\/wp-json\/wp\/v2\/types\/page"}],"author":[{"embeddable":true,"href":"https:\/\/politecnicomisiones.edu.ar\/paginainstitucional\/wp-json\/wp\/v2\/users\/2"}],"replies":[{"embeddable":true,"href":"https:\/\/politecnicomisiones.edu.ar\/paginainstitucional\/wp-json\/wp\/v2\/comments?post=1722"}],"version-history":[{"count":99,"href":"https:\/\/politecnicomisiones.edu.ar\/paginainstitucional\/wp-json\/wp\/v2\/pages\/1722\/revisions"}],"predecessor-version":[{"id":1858,"href":"https:\/\/politecnicomisiones.edu.ar\/paginainstitucional\/wp-json\/wp\/v2\/pages\/1722\/revisions\/1858"}],"wp:attachment":[{"href":"https:\/\/politecnicomisiones.edu.ar\/paginainstitucional\/wp-json\/wp\/v2\/media?parent=1722"}],"curies":[{"name":"wp","href":"https:\/\/api.w.org\/{rel}","templated":true}]}}